{"id":475,"date":"2015-09-16T10:20:14","date_gmt":"2015-09-16T08:20:14","guid":{"rendered":"http:\/\/stiff2015.stiff.es\/en\/?page_id=475"},"modified":"2020-09-10T16:47:28","modified_gmt":"2020-09-10T14:47:28","slug":"curriculum-vitae","status":"publish","type":"page","link":"https:\/\/www.stiff.es\/en\/curriculum-vitae\/","title":{"rendered":"Curriculum Vitae"},"content":{"rendered":"<div style=\"text-align: justify;\">I was born on 2 August 1960 in M\u00fcnster, Germany, where I first went to school. Already as a child, I was spending more and more time in Mallorca and\/or in Spain. Whilst finishing High School, I studied carpentry. Next, I lived one full year in Spain, perfecting my Spanish at the<br \/>\nInlingua language school. From 1983 to 1989, I studied law at the Universities of M\u00fcnster, Freiburg and Berlin.During my period under articles I worked in a law office in Palma de Mallorca and as a teacher for public rights and civil law. Completing my second state examination in 1993, I qualified as a full attorney, and thus the legal profession passed into the fifth generation of my family.In the following years, I concentrated increasingly on German\/Spanish legal affairs. In consequence, I completed a supplemental course at the University of San Pablo in Madrid, where in 1999, I qualified as a Spanish attorney (Abogado espa\u00f1ol) recognised by the Spanish Ministry of Justice. In the year 2000, I was called to the bar in Palma de Mallorca. It was here, in 2002, that I created the German\/Spanish law office \u201cBufete Hispano Alem\u00e1n\u201d. Before this, I qualified as a specialist lawyer for administrative law and received my Doctorate in Spanish civil law.Since 2008 I am a Professor at the Westf\u00e4lische Wilhelms-Universit\u00e4t M\u00fcnster teaching spanish Law.<\/p>\n<p>I belong to the German Chamber of Commerce of Madrid\/Barcelona, to the Spanish chamber of commerce in Frankfurt, to the German society for travel law and to the German\/Spanish law association, for which I have organized an annual congress since 2004. This last took place on 14. &#8211; 18. June 2006 in M\u00fcnster.<\/p>\n<p><a href=\"https:\/\/www.stiff.es\/wp-content\/uploads\/2015\/09\/2006-06-14-muenster.pdf\" target=\"_blank\" rel=\"noopener noreferrer\">Press article about the congress in M\u00fcnster<\/a><\/p>\n<\/div>\n","protected":false},"excerpt":{"rendered":"<p>I was born on 2 August 1960 in M\u00fcnster, Germany, where I first went to school. Already as a child, I was spending more and more time in Mallorca and\/or in Spain. Whilst finishing High School, I studied carpentry. Next, I lived one full year in Spain, perfecting my Spanish at the Inlingua language school. [&hellip;]<\/p>\n","protected":false},"author":3,"featured_media":0,"parent":0,"menu_order":0,"comment_status":"closed","ping_status":"closed","template":"","meta":{"footnotes":""},"class_list":["post-475","page","type-page","status-publish","hentry"],"yoast_head":"<!-- This site is optimized with the Yoast SEO plugin v24.5 - https:\/\/yoast.com\/wordpress\/plugins\/seo\/ -->\n<title>Curriculum Vitae - Dr. Manuel Stiff - Attorney licensed in both Spain and Germany.<\/title>\n<meta name=\"robots\" content=\"index, follow, max-snippet:-1, max-image-preview:large, max-video-preview:-1\" \/>\n<link rel=\"canonical\" href=\"https:\/\/www.stiff.es\/en\/curriculum-vitae\/\" \/>\n<meta property=\"og:locale\" content=\"en_US\" \/>\n<meta property=\"og:type\" content=\"article\" \/>\n<meta property=\"og:title\" content=\"Curriculum Vitae - Dr. Manuel Stiff - Attorney licensed in both Spain and Germany.\" \/>\n<meta property=\"og:description\" content=\"I was born on 2 August 1960 in M\u00fcnster, Germany, where I first went to school. Already as a child, I was spending more and more time in Mallorca and\/or in Spain. Whilst finishing High School, I studied carpentry. Next, I lived one full year in Spain, perfecting my Spanish at the Inlingua language school. [&hellip;]\" \/>\n<meta property=\"og:url\" content=\"https:\/\/www.stiff.es\/en\/curriculum-vitae\/\" \/>\n<meta property=\"og:site_name\" content=\"Dr. Manuel Stiff - Attorney licensed in both Spain and Germany.\" \/>\n<meta property=\"article:modified_time\" content=\"2020-09-10T14:47:28+00:00\" \/>\n<meta name=\"twitter:card\" content=\"summary_large_image\" \/>\n<meta name=\"twitter:label1\" content=\"Est. reading time\" \/>\n\t<meta name=\"twitter:data1\" content=\"1 minute\" \/>\n<script type=\"application\/ld+json\" class=\"yoast-schema-graph\">{\"@context\":\"https:\/\/schema.org\",\"@graph\":[{\"@type\":\"WebPage\",\"@id\":\"https:\/\/www.stiff.es\/en\/curriculum-vitae\/\",\"url\":\"https:\/\/www.stiff.es\/en\/curriculum-vitae\/\",\"name\":\"Curriculum Vitae - Dr. Manuel Stiff - Attorney licensed in both Spain and Germany.\",\"isPartOf\":{\"@id\":\"https:\/\/www.stiff.es\/#website\"},\"datePublished\":\"2015-09-16T08:20:14+00:00\",\"dateModified\":\"2020-09-10T14:47:28+00:00\",\"breadcrumb\":{\"@id\":\"https:\/\/www.stiff.es\/en\/curriculum-vitae\/#breadcrumb\"},\"inLanguage\":\"en-US\",\"potentialAction\":[{\"@type\":\"ReadAction\",\"target\":[\"https:\/\/www.stiff.es\/en\/curriculum-vitae\/\"]}]},{\"@type\":\"BreadcrumbList\",\"@id\":\"https:\/\/www.stiff.es\/en\/curriculum-vitae\/#breadcrumb\",\"itemListElement\":[{\"@type\":\"ListItem\",\"position\":1,\"name\":\"Home\",\"item\":\"https:\/\/www.stiff.es\/en\/\"},{\"@type\":\"ListItem\",\"position\":2,\"name\":\"Curriculum Vitae\"}]},{\"@type\":\"WebSite\",\"@id\":\"https:\/\/www.stiff.es\/#website\",\"url\":\"https:\/\/www.stiff.es\/\",\"name\":\"Dr. Manuel Stiff - Attorney licensed in both Spain and Germany.\",\"description\":\"Eine weitere WordPress-Seite\",\"potentialAction\":[{\"@type\":\"SearchAction\",\"target\":{\"@type\":\"EntryPoint\",\"urlTemplate\":\"https:\/\/www.stiff.es\/?s={search_term_string}\"},\"query-input\":{\"@type\":\"PropertyValueSpecification\",\"valueRequired\":true,\"valueName\":\"search_term_string\"}}],\"inLanguage\":\"en-US\"}]}<\/script>\n<!-- \/ Yoast SEO plugin. -->","yoast_head_json":{"title":"Curriculum Vitae - Dr. Manuel Stiff - Attorney licensed in both Spain and Germany.","robots":{"index":"index","follow":"follow","max-snippet":"max-snippet:-1","max-image-preview":"max-image-preview:large","max-video-preview":"max-video-preview:-1"},"canonical":"https:\/\/www.stiff.es\/en\/curriculum-vitae\/","og_locale":"en_US","og_type":"article","og_title":"Curriculum Vitae - Dr. Manuel Stiff - Attorney licensed in both Spain and Germany.","og_description":"I was born on 2 August 1960 in M\u00fcnster, Germany, where I first went to school. Already as a child, I was spending more and more time in Mallorca and\/or in Spain. Whilst finishing High School, I studied carpentry. Next, I lived one full year in Spain, perfecting my Spanish at the Inlingua language school. [&hellip;]","og_url":"https:\/\/www.stiff.es\/en\/curriculum-vitae\/","og_site_name":"Dr. Manuel Stiff - Attorney licensed in both Spain and Germany.","article_modified_time":"2020-09-10T14:47:28+00:00","twitter_card":"summary_large_image","twitter_misc":{"Est. reading time":"1 minute"},"schema":{"@context":"https:\/\/schema.org","@graph":[{"@type":"WebPage","@id":"https:\/\/www.stiff.es\/en\/curriculum-vitae\/","url":"https:\/\/www.stiff.es\/en\/curriculum-vitae\/","name":"Curriculum Vitae - Dr. Manuel Stiff - Attorney licensed in both Spain and Germany.","isPartOf":{"@id":"https:\/\/www.stiff.es\/#website"},"datePublished":"2015-09-16T08:20:14+00:00","dateModified":"2020-09-10T14:47:28+00:00","breadcrumb":{"@id":"https:\/\/www.stiff.es\/en\/curriculum-vitae\/#breadcrumb"},"inLanguage":"en-US","potentialAction":[{"@type":"ReadAction","target":["https:\/\/www.stiff.es\/en\/curriculum-vitae\/"]}]},{"@type":"BreadcrumbList","@id":"https:\/\/www.stiff.es\/en\/curriculum-vitae\/#breadcrumb","itemListElement":[{"@type":"ListItem","position":1,"name":"Home","item":"https:\/\/www.stiff.es\/en\/"},{"@type":"ListItem","position":2,"name":"Curriculum Vitae"}]},{"@type":"WebSite","@id":"https:\/\/www.stiff.es\/#website","url":"https:\/\/www.stiff.es\/","name":"Dr. Manuel Stiff - Attorney licensed in both Spain and Germany.","description":"Eine weitere WordPress-Seite","potentialAction":[{"@type":"SearchAction","target":{"@type":"EntryPoint","urlTemplate":"https:\/\/www.stiff.es\/?s={search_term_string}"},"query-input":{"@type":"PropertyValueSpecification","valueRequired":true,"valueName":"search_term_string"}}],"inLanguage":"en-US"}]}},"_links":{"self":[{"href":"https:\/\/www.stiff.es\/en\/wp-json\/wp\/v2\/pages\/475","targetHints":{"allow":["GET"]}}],"collection":[{"href":"https:\/\/www.stiff.es\/en\/wp-json\/wp\/v2\/pages"}],"about":[{"href":"https:\/\/www.stiff.es\/en\/wp-json\/wp\/v2\/types\/page"}],"author":[{"embeddable":true,"href":"https:\/\/www.stiff.es\/en\/wp-json\/wp\/v2\/users\/3"}],"replies":[{"embeddable":true,"href":"https:\/\/www.stiff.es\/en\/wp-json\/wp\/v2\/comments?post=475"}],"version-history":[{"count":0,"href":"https:\/\/www.stiff.es\/en\/wp-json\/wp\/v2\/pages\/475\/revisions"}],"wp:attachment":[{"href":"https:\/\/www.stiff.es\/en\/wp-json\/wp\/v2\/media?parent=475"}],"curies":[{"name":"wp","href":"https:\/\/api.w.org\/{rel}","templated":true}]}}

<div style="text-align: justify;">I was born on 2 August 1960 in Münster, Germany, where I first went to school. Already as a child, I was spending more and more time in Mallorca and/or in Spain. Whilst finishing High School, I studied carpentry. Next, I lived one full year in Spain, perfecting my Spanish at the<br />
Inlingua language school. From 1983 to 1989, I studied law at the Universities of Münster, Freiburg and Berlin.During my period under articles I worked in a law office in Palma de Mallorca and as a teacher for public rights and civil law. Completing my second state examination in 1993, I qualified as a full attorney, and thus the legal profession passed into the fifth generation of my family.In the following years, I concentrated increasingly on German/Spanish legal affairs. In consequence, I completed a supplemental course at the University of San Pablo in Madrid, where in 1999, I qualified as a Spanish attorney (Abogado español) recognised by the Spanish Ministry of Justice. In the year 2000, I was called to the bar in Palma de Mallorca. It was here, in 2002, that I created the German/Spanish law office “Bufete Hispano Alemán”. Before this, I qualified as a specialist lawyer for administrative law and received my Doctorate in Spanish civil law.Since 2008 I am a Professor at the Westfälische Wilhelms-Universität Münster teaching spanish Law.</p>
<p>I belong to the German Chamber of Commerce of Madrid/Barcelona, to the Spanish chamber of commerce in Frankfurt, to the German society for travel law and to the German/Spanish law association, for which I have organized an annual congress since 2004. This last took place on 14. &#8211; 18. June 2006 in Münster.</p>
<p><a href="https://www.stiff.es/wp-content/uploads/2015/09/2006-06-14-muenster.pdf" target="_blank" rel="noopener noreferrer">Press article about the congress in Münster</a></p>
</div>

<p>I was born on 2 August 1960 in Münster, Germany, where I first went to school. Already as a child, I was spending more and more time in Mallorca and/or in Spain. Whilst finishing High School, I studied carpentry. Next, I lived one full year in Spain, perfecting my Spanish at the Inlingua language school. [&hellip;]</p>

<!-- This site is optimized with the Yoast SEO plugin v24.5 - https://yoast.com/wordpress/plugins/seo/ -->
<title>Curriculum Vitae - Dr. Manuel Stiff - Attorney licensed in both Spain and Germany.</title>
<meta name="robots" content="index, follow, max-snippet:-1, max-image-preview:large, max-video-preview:-1" />
<link rel="canonical" href="https://www.stiff.es/en/curriculum-vitae/" />
<meta property="og:locale" content="en_US" />
<meta property="og:type" content="article" />
<meta property="og:title" content="Curriculum Vitae - Dr. Manuel Stiff - Attorney licensed in both Spain and Germany." />
<meta property="og:description" content="I was born on 2 August 1960 in Münster, Germany, where I first went to school. Already as a child, I was spending more and more time in Mallorca and/or in Spain. Whilst finishing High School, I studied carpentry. Next, I lived one full year in Spain, perfecting my Spanish at the Inlingua language school. [&hellip;]" />
<meta property="og:url" content="https://www.stiff.es/en/curriculum-vitae/" />
<meta property="og:site_name" content="Dr. Manuel Stiff - Attorney licensed in both Spain and Germany." />
<meta property="article:modified_time" content="2020-09-10T14:47:28+00:00" />
<meta name="twitter:card" content="summary_large_image" />
<meta name="twitter:label1" content="Est. reading time" />
	<meta name="twitter:data1" content="1 minute" />
<script type="application/ld+json" class="yoast-schema-graph">{"@context":"https://schema.org","@graph":[{"@type":"WebPage","@id":"https://www.stiff.es/en/curriculum-vitae/","url":"https://www.stiff.es/en/curriculum-vitae/","name":"Curriculum Vitae - Dr. Manuel Stiff - Attorney licensed in both Spain and Germany.","isPartOf":{"@id":"https://www.stiff.es/#website"},"datePublished":"2015-09-16T08:20:14+00:00","dateModified":"2020-09-10T14:47:28+00:00","breadcrumb":{"@id":"https://www.stiff.es/en/curriculum-vitae/#breadcrumb"},"inLanguage":"en-US","potentialAction":[{"@type":"ReadAction","target":["https://www.stiff.es/en/curriculum-vitae/"]}]},{"@type":"BreadcrumbList","@id":"https://www.stiff.es/en/curriculum-vitae/#breadcrumb","itemListElement":[{"@type":"ListItem","position":1,"name":"Home","item":"https://www.stiff.es/en/"},{"@type":"ListItem","position":2,"name":"Curriculum Vitae"}]},{"@type":"WebSite","@id":"https://www.stiff.es/#website","url":"https://www.stiff.es/","name":"Dr. Manuel Stiff - Attorney licensed in both Spain and Germany.","description":"Eine weitere WordPress-Seite","potentialAction":[{"@type":"SearchAction","target":{"@type":"EntryPoint","urlTemplate":"https://www.stiff.es/?s={search_term_string}"},"query-input":{"@type":"PropertyValueSpecification","valueRequired":true,"valueName":"search_term_string"}}],"inLanguage":"en-US"}]}</script>
<!-- / Yoast SEO plugin. -->

I was born on 2 August 1960 in Münster, Germany, where I first went to school. Already as a child, I was spending more and more time in Mallorca and/or in Spain. Whilst finishing High School, I studied carpentry. Next, I lived one full year in Spain, perfecting my Spanish at the Inlingua language school. [&hellip;]
